e 14) to base 8
-15541035
What is 126762 (base 11) in base 6?
4134214
-266315 (base 8) to base 12
-46065
142331035 (base 6) to base 5
1221421002
1202322232 (base 4) to base 11
257453
What is 3454677 (base 8) in base 6?
32054023
Convert 332024044 (base 5) to base 3.
2201010022110
-84162 (base 13) to base 4
-321333111
What is 30430516 (base 7) in base 13?
6b1709
What is -60112644 (base 7) in base 4?
-102323103012
What is 3507612 (base 8) in base 10?
954250
What is 4a2505a (base 11) in base 9?
17380072
What is -1d567 (base 14) in base 2?
-10010010110010111
Convert 2133410003 (base 5) to base 3.
22122021000102
Convert 40451 (base 7) to base 6.
113312
Convert -56550146 (base 7) to base 12.
-1793098
Convert -4053083 (base 9) to base 12.
-882593
Convert -513115 (base 8) to base 4.
-221121031
-1131301 (base 6) to base 2
-1110010100010101
What is 1440414331 (base 5) in base 13?
a468a3
Convert 9aca (base 13) to base 7.
120026
Convert -833b (base 12) to base 6.
-150115
What is -29657e (base 15) in base 11?
-1143587
-1437063 (base 11) to base 12
-9b0a42
What is -408ff (base 16) in base 9?
-442670
What is 24624317 (base 8) in base 4?
110302203033
What is 621632 (base 7) in base 8?
317500
Convert -1010100110000100110 (base 2) to base 10.
-347174
Convert 26266516 (base 7) to base 15.
327161
Convert 133712 (base 10) to base 9.
223368
-100011001101101000000010 (base 2) to base 4
-203031220002
Convert 3513235 (base 7) to base 5.
103044121
2486b3b (base 13) to base 10
11382369
Convert -4e896b (base 16) to base 2.
-10011101000100101101011
What is -1b2961 (base 13) in base 16?
-a8d02
72a406 (base 15) to base 16
532f0b
What is 6cd85 (base 15) in base 3?
122122101222
What is -27753 (base 14) in base 8?
-276315
What is -ab108 (base 12) in base 14?
-5c7a0
What is -23300040 (base 7) in base 9?
-3764653
What is -22002020001120 (base 3) in base 15?
-59ca40
Convert -12101012020 (base 3) to base 13.
-39240
1112133333 (base 5) to base 8
11301741
What is 3819c8 (base 14) in base 13?
525552
What is -39aabb (base 16) in base 7?
-44060151
What is -44d24 (base 16) in base 15?
-587cc
What is 110100111100111001 (base 2) in base 3?
102000111221
What is 110000011100011111 (base 2) in base 8?
603437
What is 400023144 (base 5) in base 11?
979207
Convert -1098576 (base 14) to base 7.
-124064106
Convert 503b2 (base 12) to base 14.
29dc2
-468a6 (base 15) to base 16
-36dc2
What is -18164 (base 16) in base 8?
-300544
What is -114143142 (base 5) in base 8?
-2031321
What is 121120000 (base 4) in base 11?
710a8
What is 20211002002011 (base 3) in base 12?
1268904
What is -1020322 (base 5) in base 7?
-100311
Convert -67b (base 16) to base 3.
-2021110
Convert 94e33a (base 15) to base 7.
114135361
5844772 (base 9) to base 6
151414445
Convert -11743 (base 16) to base 13.
-26704
46294 (base 12) to base 14
2621a
Convert 106306 (base 7) to base 14.
6d06
What is 491273 (base 10) in base 15?
9a868
Convert -13251034 (base 7) to base 2.
-100101010011101001101
-7040 (base 11) to base 13
-4351
Convert -6829 (base 12) to base 14.
-42d3
What is -14ac0cb (base 14) in base 8?
-46412663
Convert 7c387 (base 14) to base 9.
511013
550645 (base 7) to base 12
47927
-267cc92 (base 13) to base 16
-b8c7f6
-41a60 (base 12) to base 9
-141200
-211101022101122 (base 3) to base 15
-109e51b
Convert -541332 (base 9) to base 8.
-1165672
What is -5db0da (base 15) in base 13?
-c139ab
Convert 7774 (base 12) to base 8.
31610
Convert 418101 (base 10) to base 2.
1100110000100110101
Convert -16521446 (base 7) to base 2.
-110001011001110011111
-2113555 (base 6) to base 10
-103247
Convert -15074a5 (base 12) to base 2.
-10000001011110111111101
Convert -2601205 (base 7) to base 14.
-8a93c
Convert 114aaa (base 11) to base 13.
64cc8
What is -18703470 (base 9) in base 8?
-44031656
What is 25562 (base 10) in base 7?
134345
-7a14a2 (base 11) to base 10
-1275694
12a2b (base 15) to base 11
40912
Convert -4a52ca (base 14) to base 7.
-30446443
What is -11010100000110010 (base 2) in base 12?
-52a16
Convert -316044 (base 8) to base 5.
-11334013
Convert 56415326 (base 7) to base 4.
102223012100
Convert -55505352 (base 8) to base 11.
-6831079
-1ef4c1 (base 16) to base 10
-2028737
What is -729761 (base 15) in base 14?
-a1ba84
What is 4131010 (base 8) in base 2?
100001011001000001000
a964a4 (base 13) to base 14
759c55
46566 (base 14) to base 16
29cbe
25432054 (base 7) to base 3
11100101101121
-be86c (base 16) to base 14
-164588
Convert 374b8a (base 15) to base 2.
1010000110101000011101
Convert a0446 (base 11) to base 13.
51b65
What is 2752551 (base 9) in base 10?
1510939
What is -a3379b (base 13) in base 9?
-7141501
What is -11010000001111001 (base 2) in base 11?
-73115
What is -176ef (base 16) in base 11?
-66128
What is 22222203110 (base 4) in base 5?
1203430412
What is -117681 (base 15) in base 9?
-1512474
What is -68268f (base 16) in base 3?
-110211202222120
20034130 (base 5) to base 9
261574
What is 10555312 (base 7) in base 8?
3407556
What is 56ba84 (base 15) in base 12?
1477aa4
What is 73219 (base 10) in base 6?
1322551
Convert -2303072 (base 8) to base 7.
-5206533
Convert -11120222201101 (base 3) to base 8.
-11236446
Convert 3101312 (base 8) to base 5.
202214124
Convert -1ad98 (base 14) to base 4.
-100232322
Convert -21120120111222 (base 3) to base 2.
-1111010111000100010100
What is 634049 (base 11) in base 15?
150dc1
What is 3a20 (base 16) in base 6?
152520
4122252 (base 10) to base 12
1469690
Convert -153562 (base 16) to base 3.
-2121121121121
What is -121003011210 (base 4) in base 11?
-3785353
What is 3343030100 (base 5) in base 3?
111220120122020
-6cacc2 (base 13) to base 3
-11212211012000
1434450 (base 6) to base 11
5713a
What is -3035304 (base 7) in base 11?
-227a96
-1342403 (base 8) to base 6
-12034311
Convert 4b3146 (base 12) to base 15.
194156
Convert -3211300010 (base 4) to base 16.
-e5c04
-51205c (base 15) to base 5
-1441314322
-340124022 (base 5) to base 7
-15441605
2b9933b (base 12) to base 8
41775637
310232100 (base 4) to base 8
645620
3130333302 (base 4) to base 15
12d31c
What is -122447 (base 10) in base 13?
-43970
What is 22012021 (base 3) in base 12?
355a
1488a9 (base 13) to base 11
315131
Convert 132212103 (base 4) to base 8.
364623
Convert -12102012022121 (base 3) to base 14.
-54c987
What is -57b95 (base 14) in base 12?
-a371b
75f6e7 (base 16) to base 7
122466060
What is 1654700 (base 13) in base 7?
115155443
What is -34b9c (base 14) in base 2?
-11111011000000110
Convert 1550040 (base 6) to base 14.
25784
Convert -176ba9 (base 13) to base 11.
-370631
Convert 3046422 (base 7) to base 14.
96d49
Convert -20648 (base 11) to base 3.
-1112020100
-320016 (base 9) to base 14
-4d4ba
What is -102210211211010 (base 3) in base 8?
-27741365
Convert c776b (base 13) to base 8.
1275727
What is -39a3b (base 13) in base 8?
-321274
What is -1341 (base 6) in base 15?
-184
Convert 1203510213 (base 6) to base 12.
4688369
What is a483eb (base 15) in base 6?
435410522
Convert -301285 (base 12) to base 8.
-2666105
Convert 947527 (base 11) to base 14.
2b72aa
What is -427355 (base 11) in base 14?
-13adbc
Convert -216018b (base 13) to base 3.
-201012001001102
Convert -1607a05 (base 14) to base 13.
-2304813
Convert -20016420 (base 8) to base 3.
-21220110201011
510026 (base 7) to base 10
86456
12002012200101 (base 3) to base 13
737371
Convert 515233135 (base 6) to base 11.
5050364
1157b (base 16) to base 4
101111323
-323504 (base 7) to base 10
-56501
What is 102110210102 (base 3) in base 16?
3722f
What is 2200222212 (base 3) in base 15?
10b78
What is -103c7 (base 13) in base 3?
-1111002122
What is 1928a6 (base 15) in base 14?
23bd58
16551 (base 10) to base 11
11487
What is -2b863 (base 15) in base 9?
-233363
14609 (base 11) to base 15
6200
What is -132464104 (base 7) in base 14?
-11c93ab
What is -33820 (base 14) in base 12?
-60470
Convert 3542410 (base 6) to base 5.
21401424
Convert d8bb7 (base 16) to base 2.
11011000101110110111
What is 4b5579 (base 12) in base 6?
42231433
What is 1648836 (base 9) in base 16?
e03dc
11225304 (base 7) to base 6
33011510
Convert 3233865 (base 10) to base 12.
10bb549
Convert 104652533 (base 7) to base 3.
102221120110112
What is a8ec3 (base 15) in base 16?
83007
What is -104212201 (base 6) in base 8?
-7136711
Convert 6be